>

                            MONTHLY CLIMATOLOGICAL SUMMARY for JAN. 2023

NAME: Cactus Wren   CITY: Phoenix STATE: Arizona
ELEV: 1227 LAT: 033:57:21 LONG: 0112:13:60

                            TEMPERATURE ( F), RAIN (in.), WIND SPEED (mph)

                                               HEAT     COOL           AVG
      MEAN                                     DEG      DEG            WIND                       DOM
DAY   TEMP    HIGH   TIME     LOW    TIME      DAYS     DAYS    RAIN   SPEED    HIGH    TIME      DIR
--------------------------------------------------------------------------------------------------------
01    51.9   058.5   07:25    47.2   00:00     13.0     00.0   00.43   03.0     19.6    15:11      W 
02    50.0   060.3   13:41    45.0   21:31     14.9     00.0   00.07   02.3     13.8    11:18     NNE
03    51.3   062.5   16:11    44.7   23:08     13.7     00.0   00.05   00.7     10.3    11:56      NE
04    54.8   067.3   15:49    45.7   00:07     10.2     00.0   00.00   00.6     09.2    16:21      NE
05    53.0   065.0   13:49    41.9   05:01     11.9     00.0   00.00   00.5     11.5    13:57     NNE
06    51.3   065.1   15:05    42.9   08:06     13.7     00.0   00.00   00.0     06.9    15:02      N 
07    51.4   071.8   15:26    35.3   08:01     13.5     00.0   00.00   00.3     10.3    14:16      N 
08    53.0   073.9   16:23    38.8   07:08     12.0     00.0   00.00   00.3     08.1    12:31     NNE
09    52.7   069.0   13:23    38.4   08:01     12.2     00.0   00.00   00.1     06.9    13:46     NNE
10    54.5   069.8   15:03    44.4   08:11     10.4     00.0   00.00   00.5     11.5    13:10     NNW
11    53.4   067.8   14:22    42.0   07:32     11.5     00.0   00.00   00.5     10.3    15:41      N 
12    54.7   075.5   15:13    37.7   07:30     10.2     00.0   00.00   00.9     11.5    15:32      N 
13    58.2   077.2   14:10    41.3   07:57     06.7     00.0   00.00   01.1     11.5    15:42     NNW
14    54.1   065.9   12:48    41.6   06:37     10.9     00.0   00.00   00.5     11.5    23:53      NW
15    53.5   058.1   16:10    49.5   06:16     11.4     00.0   00.15   00.5     11.5    16:10      W 
16    52.9   059.4   15:30    49.2   06:20     12.1     00.0   00.36   03.2     14.9    14:27      NW
17    52.4   059.5   14:45    46.3   08:13     12.6     00.0   00.00   02.9     19.6    14:00     NNE
18    49.7   061.4   16:03    40.0   00:00     15.3     00.0   00.00   00.7     11.5    14:36     ENE
19    46.2   061.7   16:20    33.5   07:43     18.7     00.0   00.00   00.5     10.3    13:52     ENE
20    48.6   059.0   16:02    40.3   00:01     16.3     00.0   00.00   01.7     16.1    12:50      E 
21    45.2   062.2   15:25    31.2   07:41     19.7     00.0   00.00   00.5     10.3    17:05     ESE
22    44.6   059.2   15:51    30.9   07:34     20.3     00.0   00.00   01.1     12.7    10:25      E 
23    42.7   050.6   15:13    32.3   07:40     22.3     00.0   00.00   01.5     13.8    20:47     ENE
24    41.7   057.3   15:28    29.5   07:49     23.3     00.0   00.00   00.5     09.2    15:18      NE
25    45.5   063.2   16:06    29.5   07:45     19.4     00.0   00.00   00.7     11.5    20:54      NE
26    48.7   064.6   14:38    35.1   07:17     16.3     00.0   00.00   02.8     19.6    15:01      S 
27    46.5   066.6   16:12    30.4   07:32     18.5     00.0   00.00   00.2     08.1    13:28      S 
28    46.9   067.2   15:49    31.1   06:28     18.0     00.0   00.00   00.6     09.2    14:28      S 
29    50.2   069.9   16:25    32.6   06:44     14.7     00.0   00.00   01.4     14.9    20:15      SW
30    51.3   061.7   14:35    43.8   00:00     13.7     00.0   00.00   01.8     13.8    13:45     NNW
--------------------------------------------------------------------------------------------------------
50.4 (51.7)   77.2  day 13     29.5  day 25   437.5    000.0   01.06   01.1     19.6   day 26     NNE
Min <=  86: 30
Max Rain: 0.43 ON 1-01-23
Days of Rain: 5 (> .008in) 3 (> .08in) 0 (> 0.8in)

Return to Previous Page