Monthly Climatological Summary for July 2021
NAME: Cactus Wren CITY: Phoenix STATE: Arizona
ELEV: 1227 LAT: 033:57:21 LONG: 0112:13:60
TEMPERATURE ( °F), RAIN (in.), WIND SPEED (mph)
HEAT COOL AVG
MEAN DEG DEG WIND DOM
DAY TEMP HIGH TIME LOW TIME DAYS DAYS RAIN SPEED HIGH TIME DIR
--------------------------------------------------------------------------------------------------------
01 96.3 109.2 14:50 80.1 06:25 00.0 31.4 00.00 02.1 24.1 23:24 NNW
02 95.4 107.4 16:18 86.0 05:40 00.0 30.5 00.00 02.5 17.3 21:18 NNW
03 92.2 108.2 16:23 75.1 20:40 00.0 27.3 00.24 02.8 27.6 17:53 WNW
04 90.3 103.7 16:11 77.5 01:11 00.0 25.4 00.00 01.3 12.7 16:42 NNE
05 96.8 108.2 15:45 85.5 05:27 00.0 31.9 00.00 02.2 16.1 16:22 NNE
06 98.8 111.3 16:02 84.3 06:45 00.0 33.8 00.00 03.3 19.6 17:42 ENE
07 99.2 111.8 16:17 85.8 06:35 00.0 34.2 00.00 01.8 12.7 18:00 NE
08 101.1 112.8 15:30 86.0 06:26 00.0 36.2 00.00 01.8 19.6 23:24 NE
09 101.2 112.6 16:03 89.5 06:14 00.0 36.3 00.00 03.9 23.0 23:04 NE
10 98.4 112.5 16:26 80.9 20:21 00.0 33.4 00.22 04.0 42.5 20:04 NE
11 95.8 109.7 15:43 79.1 06:19 00.0 30.8 00.00 02.5 19.6 21:13 NE
12 98.0 106.0 15:38 88.6 06:44 00.0 33.1 00.00 02.2 13.8 23:23 NE
13 98.0 108.8 16:19 84.3 06:11 00.0 33.0 00.00 02.7 18.4 22:12 NNE
14 89.5 099.9 17:25 75.7 06:32 00.0 24.5 00.15 02.2 19.6 05:15 NNE
15 92.0 103.5 14:39 83.6 03:40 00.0 27.1 00.00 02.3 25.3 15:07 SE
16 88.6 101.3 16:22 78.2 22:32 00.0 23.7 00.11 03.2 21.9 20:07 WNW
17 90.0 102.8 17:01 78.0 04:39 00.0 25.1 00.00 00.9 10.3 15:25 NE
18 92.8 103.0 15:33 81.7 06:08 00.0 27.8 00.00 02.0 19.6 11:22 NE
19 93.8 105.2 14:10 83.6 05:06 00.0 28.9 00.00 02.0 11.5 21:40 NE
20 96.1 109.2 16:01 83.3 06:43 00.0 31.1 00.04 01.3 13.8 19:41 ENE
21 96.4 108.2 16:28 85.7 06:10 00.0 31.4 00.00 02.3 20.7 17:14 ENE
22 92.7 106.4 15:43 79.7 22:19 00.0 27.8 00.21 02.7 25.3 21:50 NNW
23 75.2 082.6 00:30 72.4 16:00 00.0 10.2 00.31 02.2 24.1 03:37 WNW
24 77.7 083.3 14:19 73.7 00:06 00.0 12.7 00.06 02.2 13.8 20:09 WNW
25 76.4 082.2 16:00 72.9 04:06 00.0 11.5 00.13 00.8 12.7 10:11 NW
26 85.4 098.5 15:19 72.5 05:40 00.0 20.4 00.00 00.6 18.4 12:12 NNW
27 91.6 105.8 16:10 76.7 04:13 00.0 26.6 00.00 01.5 16.1 19:51 N
28 93.2 107.1 15:38 77.9 05:22 00.0 28.2 00.00 00.9 12.7 00:03 N
29 92.9 107.3 15:41 81.8 03:45 00.0 27.9 00.00 02.4 26.4 17:43 NW
30 92.7 104.1 14:43 75.1 22:26 00.0 27.8 00.45 02.3 27.6 22:02 NNW
31 85.8 100.3 15:41 71.9 01:17 00.0 20.8 00.35 00.8 18.4 00:08 E
--------------------------------------------------------------------------------------------------------
92.4 (92.3) 112.8 day 08 71.9 day 31 000.0 851.1 02.41 02.1 42.6 day 10 NNE
Max >= 86: 28
Min <= 86: 29
Max Rain: 0.45 ON 30-07-21
Days of Rain: 11 (> .008in) 9 (> .08in) 0 (> 0.8in)
Return to Previous Page