MONTHLY CLIMATOLOGICAL SUMMARY for
NAME: Cactus Wren CITY: Phoenix STATE: Arizona
ELEV: 1227 LAT: 033:57:21 LONG: 0112:13:60
TEMPERATURE ( °F), RAIN (in.), WIND SPEED (mph)
HEAT COOL AVG
MEAN DEG DEG WIND DOM
DAY TEMP HIGH TIME LOW TIME DAYS DAYS RAIN SPEED HIGH TIME DIR
--------------------------------------------------------------------------------------------------------
01 97.0 108.2 16:04 83.8 05:20 00.0 32.1 00.00 03.4 21.9 21:05 NE
02 94.4 106.7 18:10 83.9 06:44 00.0 29.4 00.00 00.5 11.5 16:11 NNW
03 95.5 108.2 16:02 78.4 05:41 00.0 30.6 00.00 01.3 14.9 19:14 ENE
04 94.7 106.5 15:33 81.2 06:13 00.0 29.8 00.00 01.7 19.6 20:41 NE
05 94.5 105.4 14:21 81.2 06:15 00.0 29.5 00.00 01.9 13.8 22:02 ENE
06 92.3 106.5 16:06 74.1 05:34 00.0 27.3 00.00 01.8 18.4 12:33 NE
07 92.0 108.9 14:46 70.4 06:00 00.0 27.0 00.00 01.0 11.5 18:38 E
08 97.7 112.5 15:31 78.7 06:22 00.0 32.8 00.00 02.3 14.9 15:22 ENE
09 99.1 113.2 15:38 78.4 06:11 00.0 34.1 00.00 01.7 20.7 21:43 NNE
10 100.8 113.9 15:05 86.6 06:34 00.0 35.9 00.00 01.5 13.8 19:42 N
11 102.0 116.0 14:22 85.8 06:26 00.0 37.1 00.00 02.7 23.0 20:00 ENE
12 101.6 112.7 15:10 86.1 05:46 00.0 36.6 00.00 02.9 23.0 19:00 N
13 101.6 114.2 15:45 88.7 05:23 00.0 36.7 00.00 02.1 14.9 21:26 N
14 99.3 112.3 15:47 84.6 22:02 00.0 34.4 00.02 03.5 21.9 21:24 S
15 99.0 113.2 14:46 84.9 04:34 00.0 34.1 00.00 01.6 19.6 00:07 SSE
16 101.6 114.8 16:02 86.6 06:11 00.0 36.6 00.00 02.9 27.6 20:06 NE
17 98.2 112.0 15:26 82.7 00:00 00.0 33.3 00.00 03.0 24.1 21:05 ENE
18 94.5 108.2 16:16 77.9 03:05 00.0 29.5 00.10 01.9 13.8 23:10 E
19 100.8 111.3 14:30 86.6 06:08 00.0 35.9 00.00 03.6 21.9 12:32 ENE
20 99.9 111.0 15:34 89.0 06:34 00.0 35.0 00.00 03.9 20.7 15:19 ENE
21 100.4 110.6 15:16 91.8 06:38 00.0 35.4 00.00 03.4 14.9 19:11 ENE
22 102.6 113.0 15:36 90.0 05:59 00.0 37.6 00.00 02.5 16.1 14:56 NE
23 98.1 107.4 16:10 85.1 08:14 00.0 33.2 00.00 03.6 26.4 05:21 NNE
24 90.0 099.9 16:02 78.8 08:40 00.0 25.0 00.00 02.4 19.6 06:41 NE
25 90.5 100.4 15:20 80.4 06:06 00.0 25.6 00.01 02.9 18.4 22:47 NNE
26 85.9 098.6 15:37 74.6 02:47 00.0 21.0 00.26 01.5 14.9 14:08 E
27 88.9 101.2 13:46 84.1 04:21 00.0 23.9 00.00 02.1 21.9 12:31 SSE
28 84.2 090.3 12:42 78.0 09:31 00.0 19.3 00.12 01.7 16.1 14:37 WNW
29 88.3 100.6 15:41 76.1 06:34 00.0 23.3 00.00 02.0 13.8 17:19 NNE
30 89.2 104.8 15:46 75.7 20:05 00.0 24.2 00.22 01.6 34.5 18:06 E
31 87.2 102.4 15:34 76.4 06:05 00.0 22.3 00.00 02.1 26.4 15:42 ENE
--------------------------------------------------------------------------------------------------------
95.5 (94.9) 116.0 day 11 70.4 day 07 000.0 948.5 00.72 02.3 34.5 day 30 ENE
Max >= 86: 31
Min <= 86: 23
Max Rain: 0.26 ON 26-07-22
Days of Rain: 6 (> .008in) 4 (> .08in) 0 (> 0.8in)
Return to Previous Page