Monthly Climatological Summary for
NAME: Cactus Wren CITY: Phoenix STATE: Arizona
ELEV: 1227 LAT: 033:57:21 LONG: 0112:13:60
TEMPERATURE ( °F), RAIN (in.), WIND SPEED (mph)
HEAT COOL AVG
MEAN DEG DEG WIND DOM
DAY TEMP HIGH TIME LOW TIME DAYS DAYS RAIN SPEED HIGH TIME DIR
--------------------------------------------------------------------------------------------------------
01 92.5 106.2 16:06 78.3 06:15 00.0 27.5 00.00 00.8 12.7 15:12 ENE
02 96.2 110.1 15:17 80.3 06:34 00.0 31.2 00.00 00.5 11.5 16:12 NE
03 98.1 112.5 16:23 86.9 00:40 00.0 33.1 00.00 01.7 13.8 15:01 NNW
04 96.7 114.6 16:12 79.0 06:19 00.0 31.7 00.00 00.7 11.5 17:10 ENE
05 97.3 109.4 16:14 84.5 03:35 00.0 32.4 00.00 01.0 11.5 22:23 ENE
06 97.8 108.5 16:13 87.1 06:12 00.0 32.9 00.00 01.7 16.1 21:37 ENE
07 96.5 107.3 16:11 84.3 06:14 00.0 31.6 00.00 01.4 14.9 15:35 ENE
08 96.2 106.8 15:09 85.7 06:22 00.0 31.2 00.00 02.2 16.1 22:25 ENE
09 89.0 093.6 16:04 85.2 05:44 00.0 24.1 00.00 01.5 14.9 13:14 N
10 85.7 094.4 15:39 78.1 06:04 00.0 20.8 00.00 01.7 17.3 11:48 NW
11 85.6 097.4 15:37 79.0 04:39 00.0 20.7 00.00 01.5 19.6 17:11 N
12 87.7 100.2 15:31 78.7 06:19 00.0 22.7 00.00 00.7 12.7 05:22 NNW
13 89.5 101.2 16:09 71.5 23:30 00.0 24.6 00.81 01.2 25.3 23:37 NNE
14 82.9 095.3 15:34 71.9 00:46 00.0 18.0 01.21 00.8 17.3 01:22 NNW
15 89.8 099.7 14:35 79.2 06:32 00.0 24.8 00.00 00.9 20.7 23:37 NNW
16 90.3 101.3 15:20 73.3 23:40 00.0 25.3 00.06 01.5 42.5 23:06 N
17 83.3 095.6 15:42 71.0 06:17 00.0 18.4 00.30 01.4 19.6 00:18 N
18 82.0 095.6 12:38 73.5 00:00 00.0 17.1 00.76 01.6 20.7 13:37 WNW
19 83.3 096.6 15:15 69.9 06:03 00.0 18.3 00.00 00.8 13.8 09:26 N
20 86.0 098.3 15:12 74.2 06:37 00.0 21.1 00.00 00.9 16.1 15:02 N
21 87.4 100.5 16:06 72.0 06:19 00.0 22.4 00.00 01.1 14.9 13:24 NNW
22 87.7 102.0 16:12 72.1 06:34 00.0 22.8 00.00 00.7 13.8 15:33 NNE
23 85.1 105.2 16:00 69.9 06:28 00.0 20.2 00.00 00.6 11.5 13:05 NE
24 85.6 106.2 15:30 70.1 05:16 00.0 20.7 00.00 00.6 12.7 16:44 ENE
25 91.9 110.1 16:02 74.1 06:21 00.0 27.0 00.00 00.4 11.5 14:15 NE
26 93.3 111.1 16:13 75.9 06:36 00.0 28.4 00.00 00.7 12.7 16:56 NE
27 95.7 112.2 15:40 76.1 06:32 00.0 30.7 00.00 01.2 13.8 23:02 NNE
28 95.1 107.3 15:48 80.2 07:01 00.0 30.2 00.00 01.6 19.6 20:38 NW
29 95.5 108.2 16:00 83.8 04:24 00.0 30.6 00.00 01.5 14.9 20:29 WNW
30 93.9 105.4 16:18 82.7 06:36 00.0 28.9 00.00 01.9 21.9 22:27 NW
31 84.5 096.4 13:21 74.5 23:28 00.0 19.6 00.08 01.6 19.6 15:47 E
--------------------------------------------------------------------------------------------------------
90.4 (90.5) 114.6 day 04 69.9 day 23 000.0 789.1 02.41 01.2 42.6 day 16 NNE
Max >= 86: 31
Min <= 86: 29
Max Rain: 1.21 ON 14-08-21
Days of Rain: 6 (> .008in) 4 (> .08in) 2 (> 0.8in)
Return to Previous Page