>

                            YEARLY CLIMATOLOGICAL SUMMARY for Jul 2023

NAME: Cactus Wren   CITY: Phoenix STATE: Arizona
ELEV: 1227 LAT: 033:57:21 LONG: 0112:13:60

                            TEMPERATURE ( F), RAIN (in.), WIND SPEED (mph)

                                                 HEAT     COOL           AVG
      MEAN                                       DEG      DEG            WIND                        DOM
MTH   TEMP    HIGH   TIME      LOW     TIME      DAYS     DAYS   RAIN    SPEED    HIGH    TIME       DIR
--------------------------------------------------------------------------------------------------------
01    50.4   077.2   14:11    29.5   07:46    0451.3    0000.0   01.05    01.0     19.6    23:51     NNE
02    53.9   078.5   15:20    31.5   07:38    0295.4    0000.0   00.48    02.0     32.2    13:25      N 
03    58.6   082.2   14:36    36.3   06:46    0186.8    0003.4   01.35    01.6     27.6    14:05     NNE
04    71.2   102.1   15:27    34.9   05:44    0034.0    0206.9   00.00    01.5     31.1    12:18      NE
05    79.8   103.3   14:01    50.9   05:44    0000.0    0416.8   00.16    02.0     33.4    23:59      NE
06    85.9   109.8   15:51    58.4   06:03    0000.0    0586.6   00.00    01.3     25.3    23:59      NE
07    100.0   117.6   15:21    72.6   06:05    0000.0    1050.3   00.10    02.1     47.1    23:57      NE
08    96.3   109.3   15:07    80.7   06:14    0000.0    0030.0   00.10    02.4     19.6    15:58      NE
--------------------------------------------------------------------------------------------------------
      72.0    117.6            29.5            967.6     2294.0   03.23     1.6     47.2               NE

Max >=  90.0: 101
Max <=  32.0: 0
Min <=  32.0: 192
Min <=   0.0: 0
Max >=  90.0: 101
Max <=  32.0: 0
Min <=  32.0: 192
Min <=   0.0: 0
Max <= 23.0: 0
Min <=  23.0: 0
Max <=  14.0: 0
Min <=  14.0: 0
Max <=   5.0: 0
Min <=   0.0: 0
Max <=  -4.0: 0
Min <=  -4.0: 0
Max <= -13.0: 0
Min <= -13.0: 0
Max Rain: 0.00 ON 2-01-23
Days of Rain: 17 (> .008in) 10 (> .08in) 0 (> 0.8in)




Return to Previous Page