Monthly Climatological Summary for April 2019
NAME: Cactus Wren CITY: Phoenix STATE: Arizona
ELEV: 1227 LAT: 033:57:21 LONG: 0112:13:60
TEMPERATURE ( °F), RAIN (in.), WIND SPEED (mph)
HEAT COOL AVG
MEAN DEG DEG WIND DOM
DAY TEMP HIGH TIME LOW TIME DAYS DAYS RAIN SPEED HIGH TIME DIR
--------------------------------------------------------------------------------------------------------
01 67.8 084.9 15:21 50.4 06:10 00.0 02.9 00.00 01.1 17.3 11:12 WNW
02 69.5 087.5 16:32 49.9 06:40 00.0 04.6 00.00 01.8 19.6 17:50 NNE
03 66.9 078.8 16:41 53.1 06:51 00.0 01.9 00.00 01.2 13.8 08:22 NE
04 67.6 084.3 16:23 51.8 06:20 00.0 02.7 00.00 01.4 16.1 12:30 N
05 66.1 081.5 15:50 50.1 05:40 00.0 01.2 00.00 01.0 16.1 14:17 ENE
06 68.9 081.8 15:27 57.9 06:41 00.0 04.0 00.00 01.0 14.9 13:55 ENE
07 72.1 090.7 16:36 52.8 06:31 00.0 07.1 00.00 00.8 11.5 16:50 ENE
08 75.6 097.5 14:48 54.8 06:33 00.0 10.7 00.00 00.4 10.3 17:22 ENE
09 77.4 096.0 16:01 56.2 06:37 00.0 12.4 00.00 03.3 23.0 15:30 NE
10 67.5 076.1 15:39 57.5 22:41 00.0 02.5 00.00 07.6 33.4 12:25 ESE
11 65.2 076.9 13:32 47.4 06:29 00.0 00.2 00.00 02.3 21.9 15:11 E
12 67.1 077.3 15:57 57.0 00:00 00.0 02.1 00.00 01.6 23.0 18:06 WSW
13 64.7 080.8 15:47 47.8 06:27 00.2 00.0 00.00 00.5 11.5 17:22 NNE
14 68.2 085.8 14:30 49.4 06:25 00.0 03.3 00.00 00.7 13.8 11:37 N
15 71.7 087.7 16:01 53.1 06:52 00.0 06.8 00.00 01.4 18.4 18:52 NNE
16 66.2 079.9 12:40 56.1 22:14 00.0 01.3 00.05 03.3 25.3 14:54 ENE
17 65.8 079.4 15:54 51.6 06:03 00.0 00.8 00.00 01.3 14.9 17:57 ENE
18 72.4 093.8 15:49 52.7 05:42 00.0 07.5 00.00 00.5 11.5 16:53 NE
19 77.1 099.6 14:53 54.1 06:18 00.0 12.2 00.00 00.9 18.4 14:05 NNW
20 79.4 092.9 15:18 62.9 06:49 00.0 14.5 00.00 02.4 21.9 14:47 NE
21 76.2 088.0 16:31 60.8 06:11 00.0 11.2 00.00 01.8 18.4 14:27 NE
22 73.2 089.2 16:03 57.5 03:39 00.0 08.2 00.00 00.7 13.8 14:08 NNE
23 73.0 087.9 12:36 54.6 06:06 00.0 08.0 00.00 01.3 23.0 13:48 W
24 76.4 094.8 16:01 55.7 05:28 00.0 11.5 00.00 01.2 14.9 17:52 NNE
25 80.0 100.1 15:50 59.0 05:40 00.0 15.0 00.00 00.9 13.8 16:42 NE
26 83.7 100.8 14:53 62.9 06:03 00.0 18.8 00.00 01.4 16.1 16:03 ENE
27 83.8 098.1 15:16 62.6 06:16 00.0 18.8 00.00 01.9 14.9 22:31 ENE
28 82.6 096.7 16:41 61.2 06:17 00.0 17.7 00.00 02.2 20.7 21:17 NE
29 76.8 086.9 15:25 59.8 22:04 00.0 11.8 00.13 03.5 38.0 13:10 NNE
30 70.0 083.5 16:06 54.8 06:08 00.0 05.1 00.00 01.0 13.8 16:37 ENE
--------------------------------------------------------------------------------------------------------
72.4 (71.6) 100.8 day 26 47.4 day 11 000.2 224.8 00.18 01.7 38.0 day 29 NE
Max >= 86: 17
Min <= 86: 30
Max Rain: 0.13 ON 29-04-19
Days of Rain: 2 (> .008in) 1 (> .08in) 0 (> 0.8in)
Return to Previous Page