Monthly Climatological Summary for April 2020
NAME: Cactus Wren CITY: Phoenix STATE: Arizona
ELEV: 1227 LAT: 033:57:21 LONG: 0112:13:60
TEMPERATURE ( °F), RAIN (in.), WIND SPEED (mph)
HEAT COOL AVG
MEAN DEG DEG WIND DOM
DAY TEMP HIGH TIME LOW TIME DAYS DAYS RAIN SPEED HIGH TIME DIR
--------------------------------------------------------------------------------------------------------
01 68.8 085.7 15:33 55.7 06:41 00.0 03.8 00.00 00.8 17.3 16:05 NE
02 69.4 084.5 15:13 54.3 06:41 00.0 04.4 00.00 01.9 18.4 13:05 ENE
03 67.0 085.0 16:09 48.7 06:17 00.0 02.1 00.00 01.0 17.3 16:29 ENE
04 66.9 084.1 16:09 49.2 06:46 00.0 02.0 00.00 01.3 16.1 15:04 NE
05 68.8 084.8 15:19 50.4 06:45 00.0 03.9 00.00 01.4 17.3 13:11 NE
06 67.6 083.0 15:44 47.5 06:13 00.0 02.6 00.00 01.7 17.3 18:24 NE
07 68.3 083.9 15:29 48.8 06:18 00.0 03.4 00.00 01.2 16.1 14:27 NNE
08 64.9 079.8 11:25 51.4 06:04 00.0 00.0 00.00 02.9 24.1 11:27 NE
09 59.7 074.9 15:28 44.2 06:25 05.3 00.0 00.00 00.5 12.7 15:31 E
10 62.5 078.9 14:45 45.7 06:28 02.5 00.0 00.00 00.8 14.9 13:37 ENE
11 62.4 073.1 14:32 54.1 04:18 02.5 00.0 00.00 01.4 17.3 12:38 NE
12 64.5 078.3 16:11 51.4 06:09 00.4 00.0 00.00 01.6 14.9 17:07 NNE
--------------------------------------------------------------------------------------------------------
65.9 (65.7) 85.7 day 01 44.2 day 09 010.7 022.2 00.00 01.4 24.2 day 08 NE
Min <= 86: 12
Max Rain: 0.00 ON 13-04-20
Days of Rain: 0 (> .008in) 0 (> .08in) 0 (> 0.8in)
Return to Previous Page