Monthly Climatological Summary for July 2019
NAME: Cactus Wren CITY: Phoenix STATE: Arizona
ELEV: 1227 LAT: 033:57:21 LONG: 0112:13:60
TEMPERATURE ( °F), RAIN (in.), WIND SPEED (mph)
HEAT COOL AVG
MEAN DEG DEG WIND DOM
DAY TEMP HIGH TIME LOW TIME DAYS DAYS RAIN SPEED HIGH TIME DIR
--------------------------------------------------------------------------------------------------------
01 96.8 110.6 15:37 76.5 06:10 00.0 31.9 00.00 02.1 20.7 13:29 ENE
02 94.6 108.3 15:15 78.5 05:04 00.0 29.6 00.00 01.6 19.6 15:28 NE
03 93.0 107.6 15:47 73.1 06:19 00.0 28.1 00.00 01.7 19.6 18:05 NE
04 91.3 106.7 16:48 70.0 06:16 00.0 26.4 00.00 00.9 17.3 12:27 NE
05 90.1 106.8 16:33 67.2 06:02 00.0 25.2 00.00 00.6 11.5 12:05 ENE
06 92.5 107.3 15:20 73.5 05:31 00.0 27.5 00.00 00.6 11.5 23:19 ENE
07 93.3 108.2 15:41 76.7 05:24 00.0 28.3 00.00 02.3 19.6 18:33 NE
08 88.7 104.9 16:20 68.9 04:08 00.0 23.8 00.00 01.7 16.1 17:04 NE
09 87.7 107.3 16:51 65.8 05:45 00.0 22.7 00.00 00.5 11.5 17:39 NE
10 94.1 112.9 15:08 70.6 05:35 00.0 29.1 00.00 01.3 16.1 15:55 ENE
11 97.6 115.2 14:23 82.0 03:15 00.0 32.7 00.00 02.5 23.0 15:34 ENE
12 100.1 115.5 15:08 86.0 06:31 00.0 35.1 00.00 01.1 27.6 19:32 SSW
13 99.8 111.3 15:50 84.1 05:37 00.0 34.9 00.03 02.6 20.7 15:23 NE
14 99.1 112.0 17:01 87.9 05:51 00.0 34.2 00.00 02.1 26.4 18:34 E
15 100.9 114.4 14:40 83.2 06:02 00.0 35.9 00.00 01.7 14.9 18:02 NE
16 100.3 115.1 16:02 80.1 06:25 00.0 35.3 00.00 02.3 20.7 15:00 ENE
17 96.6 106.3 14:23 85.5 06:01 00.0 31.6 00.00 01.9 14.9 16:49 ENE
18 95.0 107.1 17:30 75.5 06:17 00.0 30.0 00.00 01.9 17.3 16:21 ENE
19 96.2 108.8 15:12 80.6 06:25 00.0 31.3 00.00 01.6 17.3 15:29 ENE
20 95.0 109.7 16:12 73.6 06:21 00.0 30.0 00.00 01.4 16.1 16:40 ENE
21 97.6 110.0 16:00 82.8 06:25 00.0 32.7 00.00 02.4 20.7 20:47 ENE
22 95.4 105.7 17:00 79.3 23:15 00.0 30.4 00.03 03.2 36.8 20:51 NNE
23 94.5 108.2 16:44 80.5 00:45 00.0 29.5 00.00 00.7 12.7 15:29 NNW
24 93.8 103.9 15:53 79.9 06:49 00.0 28.9 00.02 02.2 12.7 19:27 ENE
25 98.0 109.7 15:09 87.1 06:10 00.0 33.1 00.00 02.7 17.3 18:33 ENE
26 100.3 111.8 15:20 88.4 06:15 00.0 35.4 00.00 03.2 17.3 15:22 ENE
27 100.9 114.2 14:40 84.8 04:46 00.0 35.9 00.00 02.7 19.6 17:54 ENE
28 100.7 113.2 16:47 90.6 06:01 00.0 35.8 00.00 03.1 16.1 10:16 ENE
29 99.2 111.3 17:01 87.1 06:40 00.0 34.3 00.00 03.4 21.9 19:24 NE
30 94.1 108.3 16:42 75.4 00:00 00.0 29.1 00.15 02.7 24.1 17:46 NNW
31 85.9 097.1 15:41 75.3 00:12 00.0 20.9 00.01 00.5 11.5 11:44 N
--------------------------------------------------------------------------------------------------------
95.6 (94.2) 115.5 day 12 65.8 day 09 000.0 949.8 00.24 01.9 36.8 day 22 NE
Max >= 86: 31
Min <= 86: 26
Max Rain: 0.15 ON 30-07-19
Days of Rain: 5 (> .008in) 1 (> .08in) 0 (> 0.8in)
Return to Previous Page