Monthly Climatological Summary for July 2020
NAME: Cactus Wren CITY: Phoenix STATE: Arizona
ELEV: 1227 LAT: 033:57:21 LONG: 0112:13:60
TEMPERATURE ( °F), RAIN (in.), WIND SPEED (mph)
HEAT COOL AVG
MEAN DEG DEG WIND DOM
DAY TEMP HIGH TIME LOW TIME DAYS DAYS RAIN SPEED HIGH TIME DIR
--------------------------------------------------------------------------------------------------------
01 88.1 105.5 15:54 64.8 06:12 00.0 23.1 00.01 02.5 18.4 18:01 NE
02 90.7 104.6 16:35 71.4 05:29 00.0 25.8 00.00 01.4 14.9 14:27 NNE
03 94.0 106.4 16:29 83.7 00:00 00.0 29.1 00.00 01.5 12.7 15:01 NE
04 95.9 109.9 15:29 76.6 05:52 00.0 31.0 00.00 02.0 17.3 16:11 ENE
05 97.0 112.9 15:50 76.0 06:16 00.0 32.1 00.00 02.2 16.1 15:08 ENE
06 94.8 112.2 15:29 74.8 05:45 00.0 29.9 00.00 01.9 18.4 16:04 NE
07 95.6 112.3 15:39 71.6 06:11 00.0 30.7 00.00 01.7 11.5 17:30 ENE
08 99.4 112.2 15:44 84.6 04:37 00.0 34.4 00.00 02.0 14.9 15:15 ENE
09 98.6 110.8 16:11 82.9 06:29 00.0 33.7 00.00 02.0 17.3 16:11 ENE
10 100.3 113.7 16:18 86.1 03:25 00.0 35.4 00.00 01.9 14.9 15:39 E
11 102.1 115.4 14:19 88.4 03:27 00.0 37.2 00.00 03.3 19.6 18:08 ENE
12 102.7 117.0 16:02 88.0 05:02 00.0 37.7 00.00 01.4 17.3 15:19 ENE
13 102.2 113.6 14:38 89.6 06:25 00.0 37.2 00.00 02.6 18.4 14:40 NE
14 99.2 111.5 15:20 84.5 06:24 00.0 34.3 00.00 01.7 14.9 13:31 NE
15 97.3 111.4 15:46 82.4 06:02 00.0 32.3 00.00 01.1 18.4 14:26 ENE
16 99.2 112.9 15:31 84.7 06:29 00.0 34.3 00.00 01.4 16.1 15:32 NNE
17 97.4 110.3 16:25 79.9 05:41 00.0 32.5 00.00 01.5 12.7 23:09 E
18 99.2 111.9 16:04 84.1 05:18 00.0 34.3 00.00 02.8 17.3 17:13 ENE
19 98.7 105.4 18:28 88.4 06:11 00.0 33.8 00.00 02.3 14.9 14:43 NE
20 92.7 097.5 13:07 87.3 22:43 00.0 27.8 00.00 00.9 11.5 17:13 NE
21 97.6 111.1 15:07 82.5 06:31 00.0 32.7 00.00 01.6 14.9 15:41 NE
22 97.5 109.2 16:12 82.5 06:00 00.0 32.6 00.00 01.6 12.7 22:18 NNE
23 92.7 099.5 10:08 85.5 06:15 00.0 27.8 00.00 03.0 20.7 11:38 NNW
24 91.4 106.0 16:00 79.7 06:24 00.0 26.4 00.00 02.4 31.1 18:40 NW
25 94.3 107.3 15:23 81.4 06:02 00.0 29.3 00.00 01.4 16.1 15:30 NNE
26 96.6 112.4 16:11 78.2 06:16 00.0 31.6 00.00 00.9 10.3 17:08 NNE
27 98.1 113.5 15:37 80.3 06:21 00.0 33.2 00.00 01.9 18.4 22:21 N
28 98.3 114.8 18:01 81.7 06:18 00.0 33.3 00.00 00.8 11.5 15:04 N
29 99.3 115.8 16:09 80.7 06:24 00.0 34.4 00.00 01.6 12.7 17:17 ENE
30 101.8 118.9 16:23 81.8 05:44 00.0 36.8 00.00 02.0 14.9 17:35 ENE
31 102.1 117.4 16:13 82.8 05:34 00.0 37.1 00.00 01.7 12.7 17:43 ENE
--------------------------------------------------------------------------------------------------------
97.3 (96.1) 118.9 day 30 64.8 day 01 000.0 1001.7 00.00 01.8 31.1 day 24 NE
Max >= 86: 31
Min <= 86: 25
Max Rain: 0.01 ON 1-07-20
Days of Rain: 1 (> .008in) 0 (> .08in) 0 (> 0.8in)
Return to Previous Page