Monthly Climatological Summary for
NAME: Cactus Wren CITY: Phoenix STATE: Arizona
ELEV: 1227 LAT: 033:57:21 LONG: 0112:13:60
TEMPERATURE ( °F), RAIN (in.), WIND SPEED (mph)
HEAT COOL AVG
MEAN DEG DEG WIND DOM
DAY TEMP HIGH TIME LOW TIME DAYS DAYS RAIN SPEED HIGH TIME DIR
--------------------------------------------------------------------------------------------------------
01 100.9 112.0 16:15 89.4 06:19 00.0 36.0 00.00 02.5 19.6 04:29 ENE
02 99.1 109.7 16:02 91.4 03:46 00.0 34.2 00.00 01.4 13.8 16:09 NNE
03 99.0 113.8 15:43 83.8 06:29 00.0 34.1 00.00 01.3 16.1 15:36 NE
04 96.6 111.8 15:09 80.5 06:06 00.0 31.6 00.00 01.8 18.4 23:23 ENE
05 97.2 109.7 16:02 81.7 06:16 00.0 32.2 00.00 02.9 19.6 13:44 NE
06 93.1 110.0 15:16 74.6 06:13 00.0 28.2 00.00 01.2 13.8 16:26 ENE
07 92.5 110.3 16:20 74.1 05:35 00.0 27.6 00.00 01.1 11.5 15:44 E
08 96.3 112.7 14:29 76.6 06:23 00.0 31.3 00.00 01.3 13.8 16:26 ENE
09 94.6 113.7 14:30 74.8 06:15 00.0 29.6 00.00 01.2 17.3 15:34 ENE
10 94.7 112.9 16:03 75.4 05:14 00.0 29.7 00.00 01.2 19.6 12:23 ENE
11 96.0 111.5 15:38 79.6 06:26 00.0 31.1 00.00 01.5 17.3 20:40 ENE
12 98.2 112.8 16:13 82.8 05:42 00.0 33.3 00.00 01.2 13.8 16:53 ENE
13 98.9 116.7 15:26 83.5 06:28 00.0 33.9 00.00 00.8 20.7 18:25 ENE
14 100.3 118.0 15:25 80.1 06:09 00.0 35.4 00.00 01.3 17.3 17:26 NE
15 100.9 114.8 16:08 86.8 03:34 00.0 36.0 00.00 01.7 14.9 15:34 ENE
16 101.4 116.1 15:45 86.2 06:46 00.0 36.5 00.00 01.3 19.6 18:11 NNE
17 101.2 115.7 16:06 86.4 05:34 00.0 36.2 00.02 01.4 34.5 20:01 NW
18 100.3 115.1 15:51 83.4 06:36 00.0 35.3 00.00 01.4 28.8 22:05 NNE
19 101.4 116.3 15:34 83.5 06:27 00.0 36.5 00.00 00.8 18.4 13:36 ENE
20 98.9 112.0 15:44 84.2 23:39 00.0 33.9 00.00 03.9 31.1 19:28 ENE
21 92.5 102.8 13:29 84.1 06:31 00.0 27.5 00.00 02.4 20.7 14:31 ENE
22 96.8 108.2 15:42 86.3 06:43 00.0 31.9 00.00 02.3 16.1 15:41 ENE
23 98.4 112.9 15:34 84.8 06:04 00.0 33.4 00.00 00.4 09.2 15:43 NE
24 100.5 116.2 16:24 83.2 06:34 00.0 35.6 00.00 01.0 16.1 19:27 NE
25 99.3 114.4 15:22 83.8 06:23 00.0 34.4 00.00 01.2 20.7 17:40 WSW
26 98.2 114.0 15:29 83.1 07:05 00.0 33.3 00.00 00.6 10.3 21:48 WNW
27 99.2 115.1 15:29 83.3 06:10 00.0 34.3 00.00 01.3 21.9 20:13 NNW
28 98.6 114.1 14:38 86.1 04:16 00.0 33.6 00.00 01.4 13.8 22:36 NE
29 93.8 104.9 16:12 81.3 22:47 00.0 28.9 00.00 02.7 24.1 21:26 ENE
30 87.0 105.6 15:45 72.9 20:22 00.0 22.0 00.09 02.3 25.3 18:32 SE
31 87.1 101.6 15:24 71.9 06:26 00.0 22.2 00.09 01.3 17.3 16:08 ENE
--------------------------------------------------------------------------------------------------------
97.2 (97.0) 118.0 day 14 71.9 day 31 000.0 999.7 00.00 01.6 34.5 day 18 ENE
Max >= 86: 31
Min <= 86: 24
Max Rain: 0.09 ON 30-08-20
Days of Rain: 3 (> .008in) 2 (> .08in) 0 (> 0.8in)
Return to Previous Page