Yearly Climatological Summary for 2018
NAME: Cactus Wren   CITY: Phoenix   STATE: Arizona
ELEV: 1227  LAT:  LONG:

                            TEMPERATURE ( °F), RAIN (in.), WIND SPEED (mph)

                                                 HEAT     COOL           AVG
      MEAN                                       DEG      DEG            WIND                        DOM
MTH   TEMP    HIGH   TIME      LOW     TIME      DAYS     DAYS   RAIN    SPEED    HIGH    TIME       DIR
--------------------------------------------------------------------------------------------------------
01    55.8   083.4   15:59    32.0   07:32    0137.3    0001.2   00.06    01.4     20.7    23:55     SSW
02    50.6   073.9   16:09    29.6   07:27    0171.5    0000.0   00.02    01.9     26.4    23:53      E
03    63.8   092.6   15:54    35.6   06:50    0086.5    0052.6   00.00    01.9     24.1    23:59     ENE
04    75.0   099.6   16:33    45.0   06:17    0000.0    0301.6   00.00    02.7     29.9    23:52     ENE
05    81.3   105.7   16:38    50.3   05:19    0000.0    0508.3   00.00    02.5     26.4    23:55     ENE
06    90.3   111.5   16:13    61.9   06:14    0000.0    0760.5   00.01    02.3     20.7    23:56     ENE
07    94.2   117.3   16:44    69.3   05:59    0000.0    0907.6   00.11    03.1     59.8    23:55     ENE
08    93.1   114.5   15:56    70.2   06:20    0000.0    0842.6   00.02    02.0     41.4    23:51     ENE
09    89.5   110.5   15:28    66.5   06:34    0000.0    0639.2   00.03    01.5     25.3    23:58     ENE
10    71.1   091.3   15:01    51.3   05:41    0004.3    0163.8   00.54    01.2     31.1    23:54     ENE
11    59.7   084.4   15:12    38.2   07:18    0156.4    0002.0   00.00    00.5     23.0    13:29     ENE
12    51.8   076.5   15:34    29.5   07:32    0383.2    0000.0   00.39    00.3     17.3    13:37     ENE
--------------------------------------------------------------------------------------------------------
      75.5    117.3            29.5            939.2     4179.4   01.19     1.8     59.8              ENE

 Max >=  90.0: 181
 Max <=  32.0: 0
 Min <=  32.0: 313
 Min <=   0.0: 0
 Max >=  90.0: 181
 Max <=  32.0: 0
 Min <=  32.0: 313
 Min <=   0.0: 0
 Max <= 23.0: 0
 Min <=  23.0: 0
 Max <=  14.0: 0
 Min <=  14.0: 0
 Max <=   5.0: 0
 Min <=   0.0: 0
 Max <=  -4.0: 0
 Min <=  -4.0: 0
 Max <= -13.0: 0
 Min <= -13.0: 0
 Max Rain: 3.30 ON 15-01-19
Days of Rain: 44 (> .008in) 31 (> .08in) 13 (> 0.8in)
Return to Previous Page