YEARLY CLIMATOLOGICAL SUMMARY for
NAME: Cactus Wren CITY: Phoenix STATE: Arizona
ELEV: 1227 LAT: 033:57:21 LONG: 0112:13:60
TEMPERATURE ( °F), RAIN (in.), WIND SPEED (mph)
HEAT COOL AVG
MEAN DEG DEG WIND DOM
month TEMP HIGH TIME LOW TIME DAYS DAYS RAIN SPEED HIGH TIME DIR
--------------------------------------------------------------------------------------------------------
01 53.0 082.8 15:14 32.0 06:15 0417.1 0000.9 00.93 00.6 36.8 23:53 N
02 57.6 085.4 15:15 36.2 07:50 0223.7 0005.5 00.00 01.1 26.4 23:54 NE
03 61.7 090.4 16:15 34.4 06:39 0150.7 0044.3 00.24 01.4 36.8 23:59 NNE
04 74.6 100.5 15:11 49.9 06:32 0000.0 0311.9 00.01 01.6 26.4 23:55 NNE
05 81.0 104.3 15:41 50.5 05:02 0003.3 0558.7 00.00 01.3 23.0 13:07 NE
06 93.5 118.6 15:47 60.5 05:48 0000.0 0886.8 00.07 02.0 27.6 17:37 NE
07 92.5 112.8 15:30 71.9 01:17 0000.0 0886.6 02.41 02.1 42.5 00:08 NE
08 90.5 114.6 16:12 69.9 06:28 0000.0 0872.7 02.41 01.2 42.5 15:47 NNE
09 86.3 110.4 14:50 64.1 07:06 0000.0 0699.5 00.32 01.6 28.8 19:17 NNE
10 71.6 098.4 13:36 45.0 05:30 0013.0 0240.8 00.14 01.7 46.0 10:09 NNE
11 65.5 092.6 15:05 42.7 07:01 0059.3 0053.1 00.00 00.6 21.9 14:17 NNE
12 55.5 087.4 16:11 32.8 07:34 0354.5 0000.0 01.74 00.6 26.4 23:41 NNE
--------------------------------------------------------------------------------------------------------
73.3 118.6 32.0 1221.6 4560.8 08.27 1.3 46.0 NNE
Max >= 90.0: 223
Max <= 32.0: 0
Min <= 32.0: 388
Min <= 0.0: 0
Max >= 90.0: 223
Max <= 32.0: 0
Min <= 32.0: 388
Min <= 0.0: 0
Max <= 23.0: 0
Min <= 23.0: 0
Max <= 14.0: 0
Min <= 14.0: 0
Max <= 5.0: 0
Min <= 0.0: 0
Max <= -4.0: 0
Min <= -4.0: 0
Max <= -13.0: 0
Min <= -13.0: 0
Max Rain: 0.03 ON 31-01-22
Days of Rain: 45 (> .008in) 24 (> .08in) 3 (> 0.8in)
Return to Previous Page